 y + 4*h + 4122 = x. List the prime factors of y.
2, 13, 53
Suppose 13*b - 38 = -64. What are the prime factors of 25/(-25)*(-1 - (b - -399))?
2, 199
Let l = 5663 + -4638. List the prime factors of l.
5, 41
What are the prime factors of (-230)/(-69)*(-7338)/(-4)?
5, 1223
Let a = 12681 + -12307. Suppose -4*c + 645 = -q, 333 = 2*c - 0*c + 3*q. Let r = a - c. What are the prime factors of r?
2, 53
Suppose -110*i + 7370700 = 161*i + 45*i. List the prime factors of i.
3, 5, 311
Let s = -20957 - -37648. List the prime factors of s.
16691
Let l(j) = 17*j**2 - 1194*j - 575. List the prime factors of l(89).
2, 3, 19, 61
Let a(l) = -4*l + 141. Let v(o) = 5*o - 211. Let x(u) = -8*a(u) - 5*v(u). What are the prime factors of x(26)?
109
Let g be 19 - (-1 + 2)*-1. Let m be 1*(g/(-6) + (-1)/(-3)). What are the prime factors of (-2)/(0 + 2/m)?
3
List the prime factors of 28086 + -9*40/(-90)*2.
2, 11, 1277
Let x(f) = 4*f**2 + 94*f + 45. Let t be x(-23). Let v(k) = 71*k + 7. Let n(q) = 71*q + 6. Let u(y) = -7*n(y) + 6*v(y). What are the prime factors of u(t)?
71
Let p(u) = 495*u - 532. List the prime factors of p(36).
2, 2161
Suppose 5*b = 4*h + 68, -15 = 3*h + b + 17. Let m be 621/h*8/(-3). Suppose 271 = 5*v - c - m, -5*v + 405 = -5*c. List the prime factors of v.
2, 41
Suppose -5*c + 5714 + 4089 = -a, -5*a = -10. Let d = c - 1255. What are the prime factors of d?
2, 353
Let q be ((-5)/(-15))/(1/(-6)) - -5. Let v be -6*q*((-2)/4)/1. What are the prime factors of (-10 + v)/(2/(-146))?
73
Let t(y) = 5*y**2 - 11*y + 7. Let b be t(-6). Suppose 3*f - 2963 = -4*u, -3*f - u = b - 3228. What are the prime factors of f?
3, 331
Let s be (-1*(-1068)/16)/(9/(-24)). Let g = 210 - s. What are the prime factors of g?
2, 97
Let s = 46235 - 15505. What are the prime factors of s?
2, 5, 7, 439
Let k(m) = -54*m**2 + 20*m + 19. Let y be k(-1). Let x = y - -162. What are the prime factors of x?
107
Let h(p) = 5*p - 10. Let t be h(7). Let b = -45 + 48. Suppose 4*l - 3*u = t, l + 5 = b*l + u. What are the prime factors of l?
2
Let r = -207 - -240. What are the prime factors of 674/3*(r/22)/1?
337
Let s(c) = -170*c + 427. What are the prime factors of s(-17)?
31, 107
Let k(d) = 6*d**2 - 2*d + 12. Let g be k(10). Let z = g - 413. List the prime factors of z.
179
Let h(g) = 2*g**2 + 3*g + 8. Suppose 0 = -7*j - 3*j + 230. Let i = 31 - j. List the prime factors of h(i).
2, 5
Suppose -5*o - 16 = 24, 310700 = 4*q - 5*o. What are the prime factors of q?
5, 7, 317
Suppose -17144 = -6*m + 38812. What are the prime factors of m?
2, 4663
Suppose 19256 = -470*w + 499*w. What are the prime factors of w?
2, 83
List the prime factors of ((-880)/(-264))/(1/771).
2, 5, 257
Let t be 69138/14 - (-27)/(-63). Suppose 10*g - t = -38. List the prime factors of g.
2, 5, 7
Suppose 2*a = -5*z + 169 + 428, 0 = 3*a + 3*z - 873. Let p be (-8533)/212*(-4 - 0). Let o = a - p. What are the prime factors of o?
5
Let r be 518 + 0 + 11 + -5. What are the prime factors of -7 + -6 + r + 1 + 3?
5, 103
Let q(l) = 150*l**2 - 21*l - 221. List the prime factors of q(-15).
2, 8461
Let y(p) = 138*p**2 + 262*p + 79. What are the prime factors of y(-7)?
3, 1669
List the prime factors of 209/57 - (-10)/(-15) - -15149.
2, 947
List the prime factors of (-57876)/104*24/(-2).
2, 3, 7, 53
Suppose -9 + 1 = -8*w. List the prime factors of (-18 - -1)*((-28)/4 - w).
2, 17
Let i be (-1)/2 - 1445/34. Let s = 48 + i. Suppose -s*y + 156 = -199. What are the prime factors of y?
71
Suppose 2*w - 9 = -17. List the prime factors of (w - 85/(-20)) + (-1564)/(-16).
2, 7
Let s = 31 - 24. What are the prime factors of 2051/s - 2 - 2?
17
Suppose -5*z + 24518 = -13*z + 151222. List the prime factors of z.
2, 7919
Suppose 15*m = 23761 + 35504. What are the prime factors of m?
3, 439
Suppose a = -q + 37, -2*a + 5*q - 23 = -62. Suppose 0 = -2*j - 6, o + j + 11 = 0. Let x = a - o. List the prime factors of x.
2, 5
Suppose 10*v + 660 = 30*v. Suppose -4*d = -0 - 12. What are the prime factors of 2/d - (-2519)/v?
7, 11
Let p(w) = w**3 + 6*w**2 + 2*w. Let k(v) = v - 13. Let b be k(8). Let t be p(b). Suppose -u = -34 - t. List the prime factors of u.
7
Suppose -234*v = -183*v - 3283431. List the prime factors of v.
64381
Suppose -4*i + 16 = -i + 2*u, 5*i - u = 5. List the prime factors of 1/((-3)/762)*(-3)/i.
3, 127
What are the prime factors of (-16)/(-12) + 7 + (-103914)/(-27)?
7, 19, 29
Let f(m) = m**2 + m - 20. Let i be f(-5). Let l be 10*(-3)/(-12)*-14 - i. What are the prime factors of ((-198)/(-5))/((-7)/l)?
2, 3, 11
Let d(h) = 35*h + 172. Let w(b) = 2*b**2 + 13*b - 31. Let x be w(2). What are the prime factors of d(x)?
277
Let z = 6124 + 910. List the prime factors of z.
2, 3517
Let i be ((-27)/6)/(-9)*178. Let n = i + -1. Let z = n + 8. List the prime factors of z.
2, 3
Suppose 20*q - 25*q = -130. Suppose -q*n = -21*n - 230. Let r = 98 - n. What are the prime factors of r?
2, 13
Let t(u) = -39*u**3 + 19*u**2 - 342*u - 3646. List the prime factors of t(-11).
2, 3, 503
Let y(t) = t**2 - 3*t + 28. Let d(q) = q**3 + 2*q**2 + q - 2. Let b be d(-3). What are the prime factors of y(b)?
2, 7, 19
Let r(d) = 26*d**3 - 6*d**2 + 27*d + 2. Suppose 0 = -18*g + 14*g + 12. List the prime factors of r(g).
17, 43
Let i be 2/12 - (-9 + 11982/(-36)). Let k = i - 187. List the prime factors of k.
5, 31
Let u be (-4696)/(-34) + (112/(-136))/7. Let c = 303 + u. Suppose 2*k + 1116 = -w + 6*w, 2*w = -k + c. What are the prime factors of w?
2, 3, 37
Let b(k) = 270*k + 5054. What are the prime factors of b(83)?
2, 3433
List the prime factors of (-515187)/(-12) - (-8 + 333/36).
7, 6133
Suppose -3859*h + 50428 = -3845*h. What are the prime factors of h?
2, 1801
Let y be ((-652)/(-6))/((-8)/12). Let p = -138 + 32. Let a = p - y. List the prime factors of a.
3, 19
Let r(o) = 5*o**2 - 3*o**2 + 1 + o**3 + 2*o + o**3 - 3*o**3. Let b be r(2). Suppose 279 = b*n - 41. What are the prime factors of n?
2
Let g = -783 + 214. Let z = 1876 + g. List the prime factors of z.
1307
Suppose -a - 2*g + 19 = 0, 2*g + 26 = 3*a - 7. Suppose a = 5*l + 3. Suppose -3*t - l*z + 467 = 0, z = 3*t + t - 619. What are the prime factors of t?
5, 31
Suppose 14*z - 40504 + 21209 = 87609. What are the prime factors of z?
2, 23, 83
Suppose -665229 = -50*c - 46*c + 65*c. What are the prime factors of c?
3, 23, 311
Let r = -120 + 126. What are the prime factors of r + (1*-1032)/(-3)?
2, 5, 7
Let z be 39*(-1 + (-6)/(-2)). Let j be (-1)/13 + (-2186)/(-26). Suppose z = 2*f - j. List the prime factors of f.
3
Suppose -12 = 5*h - 22. What are the prime factors of (-6)/(-12) + 331/h?
2, 83
Suppose 20 = l + 4*l, 0 = 5*d - 5*l + 10. Let h be d + 252/2 - -1. Let r = 241 - h. List the prime factors of r.
2, 7
Suppose 2*n - 106985 = -7*j, 0*n - 214065 = -4*n + 5*j. List the prime factors of n.
2, 5, 5351
Let q(c) = c**2 + 4*c + 354. Suppose -8*r + 9*r = 0. Let n be q(r). Suppose -3*x + 102 = -w - 421, n = 2*x + 2*w. What are the prime factors of x?
5, 7
Suppose 230435 = -7*q + 24*q + 59670. What are the prime factors of q?
5, 7, 41
What are the prime factors of 244/2 - (-48)/6?
2, 5, 13
Let s(m) = 31*m - 26 - 18 + 55 - 23. What are the prime factors of s(24)?
2, 3, 61
Let j(c) = 33*c**2 + 16*c + 127. List the prime factors of j(-9).
2, 83
Suppose -112765 = -3*s - u, -261*s + 5*u + 150366 = -257*s. What are the prime factors of s?
37589
Suppose 2*c = 4*j + 8898, 11*j - 25 = 6*j. Let p = c + -2615. What are the prime factors of p?
2, 461
Suppose 0 = -9*x + 12*x - 9. Suppose 1568 = -x*q - q. List the prime factors of (-1 + 0)*q/4.
2, 7
List the prime factors of (-1676803)/(-259) - (-1)/(-7).
2, 3, 13, 83
Let w(x) = 2*x**3 + 90*x**2 - 45*x - 30. What are the prime factors of w(-45)?
3, 5, 7, 19
Suppose -87032 + 239649 = 38*m - 102971. What are the prime factors of m?
2, 3, 19, 59
Let w(f) = -286*f + 57. Let d(k) = -144*k + 29. Let u(z) = -5*d(z) + 2*w(z). What are the prime factors of u(7)?
3, 5, 67
Let d be (-16 - (-40)/8) + 6. Let g(f) = -42*f + 113. What are the prime factors of g(d)?
17, 19
Suppose a - 27 = 4*v - 7, 5*v + 25 = 0. Suppose 0*p + 5*g + 17 = -3*p, a = 3*g - 6. What are the prime factors of 4/p*12*-39?
2, 13
Suppose -3*z - 55 = -136. Suppose 0 = f + z - 1098. What are the prime factors of f?
3, 7, 17
Suppose v 